 530.
106
Calculate the highest common divisor of 196911 and 55233.
153
Calculate the greatest common factor of 59249 and 2804751.
179
Calculate the highest common factor of 1982 and 2158089799.
991
What is the greatest common factor of 5633168 and 32?
16
Calculate the greatest common divisor of 42851645 and 170.
85
What is the highest common factor of 759 and 3750384?
33
Calculate the greatest common divisor of 293 and 8780038.
293
What is the greatest common factor of 1242 and 509526?
18
Calculate the greatest common divisor of 23707239 and 3039.
3039
Calculate the greatest common factor of 53000112 and 13332.
132
What is the greatest common divisor of 8500 and 106687750?
4250
What is the greatest common divisor of 102851 and 18571?
49
What is the highest common divisor of 267649236 and 3132?
1044
Calculate the highest common factor of 2013823 and 14.
7
Calculate the highest common factor of 1262548411 and 97.
97
Calculate the highest common divisor of 6777822 and 18966.
174
What is the greatest common factor of 1633 and 93909?
23
What is the greatest common factor of 185982 and 12380068?
446
Calculate the highest common divisor of 9835 and 5320.
35
Calculate the highest common divisor of 49951 and 4827691.
209
What is the highest common divisor of 326692 and 33166?
46
Calculate the highest common factor of 59 and 19288221.
59
Calculate the greatest common factor of 1547 and 262633.
119
Calculate the highest common factor of 12615 and 1094170.
145
Calculate the highest common divisor of 146 and 648751.
73
Calculate the greatest common divisor of 73 and 59639.
1
What is the highest common factor of 11289 and 26338827?
159
What is the highest common factor of 44 and 3029158?
22
What is the greatest common factor of 520 and 533874120?
520
What is the greatest common factor of 1905056 and 13024?
1184
What is the greatest common factor of 44640 and 1016480?
160
Calculate the greatest common factor of 14991814 and 246.
82
Calculate the highest common factor of 340533 and 56394.
2169
Calculate the highest common divisor of 10612 and 1832086.
758
What is the highest common factor of 1904 and 457888880?
272
What is the greatest common factor of 153686199 and 4023?
447
What is the highest common divisor of 30691812 and 8668?
788
Calculate the highest common factor of 1056542981 and 39.
13
Calculate the highest common divisor of 200770 and 47277.
17
What is the greatest common factor of 58 and 7076841?
29
Calculate the highest common factor of 1495102 and 4051782.
5558
What is the greatest common factor of 407 and 5046541?
37
What is the highest common divisor of 2094294 and 1026?
114
Calculate the highest common factor of 2494718 and 69.
23
What is the greatest common divisor of 199375 and 7875?
125
Calculate the greatest common divisor of 180133487 and 151.
151
What is the highest common factor of 3400873 and 10199?
329
What is the greatest common divisor of 883984 and 6972?
4
What is the greatest common factor of 323287487 and 119?
17
Calculate the greatest common factor of 588812 and 630.
14
What is the highest common divisor of 593 and 280042471?
593
Calculate the greatest common divisor of 1913787 and 4131.
81
What is the highest common factor of 3536 and 33135856?
3536
Calculate the greatest common factor of 234190 and 105.
5
Calculate the greatest common divisor of 870225 and 17261.
41
Calculate the greatest common factor of 3969 and 11893.
7
What is the greatest common factor of 1137656 and 5304?
104
What is the greatest common divisor of 217961 and 1492619?
2759
Calculate the greatest common factor of 67555562 and 16534.
2362
What is the greatest common divisor of 10817 and 7586023?
29
Calculate the highest common divisor of 395 and 37758995.
5
Calculate the highest common factor of 8453 and 58208.
107
What is the highest common factor of 4294353 and 22287?
1173
What is the highest common divisor of 15867 and 7483689?
369
Calculate the highest common divisor of 314 and 22802994.
314
What is the highest common divisor of 182 and 57861167?
91
What is the highest common factor of 23333872 and 16?
16
What is the greatest common factor of 2862 and 2614361157?
1431
Calculate the greatest common divisor of 2220320 and 1280.
160
What is the greatest common factor of 1252265 and 3145?
185
What is the greatest common factor of 679 and 3473216726?
679
Calculate the highest common factor of 295988 and 1372.
28
Calculate the highest common divisor of 4911840 and 24352.
32
Calculate the greatest common factor of 1065 and 1161120.
15
Calculate the greatest common factor of 770679 and 32067.
63
Calculate the highest common divisor of 1589 and 1721341.
227
What is the greatest common divisor of 11 and 21392954?
11
What is the greatest common factor of 111961 and 1622891?
1087
Calculate the greatest common divisor of 201970567 and 22497.
7499
Calculate the highest common divisor of 76008 and 75720.
24
What is the highest common divisor of 39307 and 522537?
23
What is the greatest common factor of 6757398 and 1445?
289
Calculate the highest common factor of 1636 and 114798120.
1636
Calculate the greatest common factor of 37122888 and 1848.
264
Calculate the highest common factor of 8529550 and 414.
46
Calculate the highest common factor of 25647 and 1580984.
83
Calculate the highest common divisor of 228 and 68042116.
76
Calculate the greatest common factor of 6223 and 118727.
49
What is the greatest common factor of 1464 and 685008?
24
Calculate the greatest common factor of 511826107 and 1196.
299
Calculate the greatest common divisor of 12103265 and 2055.
685
Calculate the highest common divisor of 248281975 and 75.
25
Calculate the highest common divisor of 17 and 360922121.
17
What is the highest common factor of 271673 and 1177?
107
What is the greatest common divisor of 312 and 592688?
8
Calculate the highest common divisor of 22557 and 789568.
73
What is the highest common factor of 132 and 1327635276?
132
What is the greatest common divisor of 23866859 and 2746?
1373
What is the greatest common divisor of 645815 and 32915?
1135
Calculate the highest common divisor of 99 and 85318101.
99
Calculate the highest common divisor of 472353786 and 2367.
2367
What is the highest common factor of 307138 and 39130?
26
What is the greatest common divisor of 21 and 5422571?
7
What is the highest common divisor of 1482 and 90119926?
494
Calculate the greatest common factor of 190 and 48833230.
190
Calculate the highest common factor of 37201080 and 26264.
3752
What is the highest common factor of 4502727 and 1383111?
6093
Calculate the highest common divisor of 133 and 6791284.
19
Calculate the highest common divisor of 95235983 and 69725.
2789
What is the greatest common factor of 1816 and 7325624?
8
Calculate the highest common factor of 2639288 and 41001.
173
What is the greatest common factor of 28 and 5537548?
4
What is the highest common factor of 59064 and 11592?
552
What is the highest common factor of 793529862 and 4782?
4782
Calculate the highest common factor of 418 and 51568242.
418
Calculate the highest common factor of 43643210 and 2210.
130
Calculate the highest common divisor of 6479 and 5538280.
11
What is the highest common divisor of 495 and 13726405?
55
What is the highest common divisor of 26 and 20564791?
13
What is the highest common factor of 5268472 and 5016?
1672
What is the greatest common divisor of 76172 and 199198?
274
What is the greatest common factor of 1650 and 913350?
150
Calculate the highest common divisor of 24897 and 31727077.
8299
Calculate the highest common divisor of 75 and 18048575.
25
Calculate the highest common factor of 3873352 and 1476.
164
Calculate the highest common divisor of 438293856 and 66.
66
What is the highest common factor of 6552 and 11208?
24
What is the greatest common factor of 3429 and 581285223?
1143
Calculate the highest common factor of 456290091 and 3834.
1917
Calculate the greatest common divisor of 690407994 and 3.
3
What is the highest common divisor of 125004602 and 3086?
3086
What is the greatest common factor of 107995706 and 103?
103
What is the greatest common factor of 2016 and 176337?
63
Calculate the highest common factor of 31981424 and 16.
16
Calculate the greatest common factor o